-1 + -10 + (6 - (10 - 7)).
-8
What is the value of 8 - (-1 + (9 - (15 + -1)))?
14
What is the value of -20 - (13 + -34) - (9 + (-1 - -2))?
-9
Calculate 8 - (55 - 42 - (0 - -5)).
0
What is -34 + -10 + 18 + -3?
-29
Calculate (-4 - 0) + 11 + -13 + (10 - -2).
6
8 + 3 + (5 - 8)
8
Calculate (3 - -77) + (797 - 842).
35
Evaluate 1 - ((-21 - -32) + 6).
-16
Calculate 4 + -12 + 15 + -4 + 0.
3
Evaluate 37 + 4 + -2 + 54 + -60.
33
What is the value of 2 - 20 - (-55 - -52)?
-15
What is the value of -1 + (-14 - -19) - -10?
14
-4 + (11 - (-9 - -15)) + (21 - 0)
22
-25 + 13 + 9 - -10
7
What is -18 + (11 - (11 - 4) - (-2 + 2))?
-14
Calculate 2 + -3 + 29 + (-13 - 11).
4
Calculate 31 + -20 - (14 - 2).
-1
Evaluate -3 - 1 - (8 - (14 - (13 - 6))).
-5
Evaluate (-13 - (-13 - -13)) + 14.
1
Calculate 1 + 2 - (3 - (-12 + 5 - -2)).
-5
What is the value of -42 - (-37 + 17) - -18?
-4
What is the value of 62 + -37 + (-12 - 0)?
13
What is the value of 29 + -42 + (-15 - -39)?
11
What is (15 - (-9 + 22)) + 5?
7
(1 - (-4 - -5)) + -6 + -15 + 10
-11
What is the value of 5 + (0 - 0) + -11 + -7 + 21?
8
What is 24 + (-2 - 3) + -11?
8
What is the value of 2 - (-6 + -4 + 12 - (0 - -11))?
11
Calculate -23 + (76 - (76 - 41)).
18
Calculate 19 - 11 - 13 - (7 - 1).
-11
3 - (9 + -2 - (1 - -1))
-2
Calculate 2 - (5 + (-5 - 3)) - -6.
11
What is 12 + 33 - (18 + 7)?
20
What is 2 + -2 + (2 + 10 + -6 - 0)?
6
What is 32 + 1 - (85 + -40)?
-12
What is the value of -21 + (-2 + 24 - 25)?
-24
60 + -48 - ((3 - (2 - 1)) + 1)
9
Evaluate (18 - 9 - 9) + 12 + -2 + -1.
9
What is -7 + -9 + 0 + 28?
12
What is the value of (-3 - (11 - 11)) + 9 + 3 + 3?
12
What is the value of (7 - 2) + (-7 - (7 - 15))?
6
What is (-30 - -18) + -8 + 4 + 34?
18
What is the value of -1 - (1 + 2) - (-6 - -3) - 1?
-2
Calculate (-5 - -5 - (-15 + 2)) + (-2 - -1).
12
Evaluate (-15 - -26) + -3 + -24 - -6.
-10
Evaluate -36 - (-19 - (8 + -13) - -9).
-31
What is the value of (0 - (1 + 21)) + (-7 - (7 + -22))?
-14
Calculate -1 - (-1 - -4) - (0 + 2) - 3.
-9
What is 19 + 2 + (688 - 731)?
-22
3 - (-13 + 3 - (13 + -7 - 10))
9
Evaluate -15 - (-23 - 0) - 4.
4
Calculate 125 + -65 - (-9 - -37).
32
What is -25 + -18 + 74 - 22?
9
What is the value of -32 + (8 - -1) + -53 + (-17 - -57)?
-36
Calculate 0 + 6 + (-56 - -27 - -26).
3
-10 + (5 - 0) - -8
3
-8 - (1 + -2) - -15 - (12 - -1)
-5
(25 + -24 - -46) + -24
23
-14 + (2 - 17) + 37
8
What is 8 - (8 + 18 + 6) - -7?
-17
Calculate -5 - (8 - ((-8 - (-8 - 2)) + 7)).
-4
What is the value of 16 + -2 + 3 + 9 + 0?
26
Evaluate 51 + -46 + 15 + 6 + (-5 - 0).
21
Calculate -4 + -22 + -24 + 20.
-30
Evaluate -2 + -5 - -3 - 2 - -13.
7
Evaluate 6 + 1 + -19 + -2 + -10.
-24
What is 6 + -12 + 6 - (0 + -7 - 1)?
8
What is -10 + -11 + 0 + (-512 - -505)?
-28
Evaluate 15 + 1 - (11 + -1 - -1 - 2).
7
17 - (-7 + 11 + (-7 - -5))
15
3 + -1 - (-11 + 30)
-17
Calculate (-2127 - -2109) + -1 + 27.
8
Evaluate (29 - 6) + -15 + 15.
23
What is the value of -35 + (-20 + 10 - -6 - -11)?
-28
(-1 - -6 - (-105 + 116)) + -1 + 7
0
What is -24 + 46 + -21 - (3 + -4 - -22)?
-20
What is the value of 3 - ((-2 - 1) + 7 + -12 - -16)?
-5
18 - (11 + -10) - 0
17
What is -4 - 1 - (21 - ((-8 - -4) + 24))?
-6
Calculate (-9 - 1) + (-23 - -29) + 5.
1
What is the value of ((2 - 1) + -6 - (34 - 48)) + -3?
6
What is the value of 11 - 32 - (3 - (0 + 12))?
-12
Evaluate -10 + -8 + 21 - -13.
16
What is the value of -122 + 154 + (2 - 18)?
16
Calculate (30 - 20) + -25 - 5 - -10.
-10
What is the value of (104 - 46) + -3 - 29?
26
Calculate 12 - (36 - -19 - 18 - 18).
-7
Evaluate -9 - (-6 + 0 + -6).
3
Evaluate 2 - -28 - (152 - 145).
23
What is the value of -1 - (-7 + (27 - 2 - 12))?
-7
Calculate (-11 - 0) + (-8 - 20 - -32).
-7
Calculate -2 + -11 + (-2 - (-3 + -1) - -2).
-9
-15 - -1 - -12 - -17
15
-17 + 16 + -5 + -18
-24
What is the value of 24 + (10 - 23 - -3) + -15?
-1
Calculate -26 - -4 - (-1 + (15 - 11) + -15).
-10
-34 + (23 - -1) + 10
0
What is (-21 - -15) + -1 + 2 + -6?
-11
Evaluate -5 + (-11 - -13 - -4).
1
Calculate -3 + 1 - (6 + -4 + 3).
-7
Calculate (-4 - ((-5 - 0) + 4)) + (-30 - -26).
-7
Calculate (9 - -1) + (-49 - -50).
11
What is the value of 10 + -9 + -18 + 1 - (387 - 399)?
-4
-6 + (3 - -2 - ((3 - 6) + 7))
-5
(28 + -12 - (2 + -18)) + 0 + -2
30
-12 + 1 - (-9 + (-1 - (-3 - 7)))
-11
What is (6 + 1 - 17) + -17 + 16?
-11
Calculate 18 + -3 - (14 - (11 - -4)).
16
Evaluate -11 - ((22 - 20) + -5).
-8
What is the value of -121 - -134 - (0 + -14)?
27
What is (-2 - (-7 + -12)) + -6?
11
What is the value of (-20 - -16) + 0 - (-7 + -2)?
5
13 - (2 - (-7 + (3 - 13)))
-6
Calculate (-8 - 3 - (-5 + 4)) + 24.
14
-53 - -41 - (0 + -6)
-6
1 + 3 + (-15 - (-14 + 26 + -9))
-14
What is the value of -10 + -1 + (1 - -36 - 37) + 45?
34
Evaluate -2 + (12 - (-3 - -6) - (10 + -7)).
4
Evaluate 23 + -2 + (2 - 16).
7
Evaluate 14 + (-1 + 4 + -8 + 8 - 4).
13
Calculate 1 - -22 - (300 - 281).
4
(20 + -9 - 6) + -14 + -10
-19
-17 + 21 + 0 + 2 + (-5 - -2)
3
Evaluate -6 - ((4 - 0) + -25 + 15 + -15).
15
What is the value of -14 + (0 + -9 - (-562 + 570))?
-31
What is 4 + -22 - (1 + 4 - 10)?
-13
2 - ((2 - (-4 + 5 + -2)) + -7)
6
Evaluate -1276 + 1303 - (0 - -14).
13
What is (3 - (2 - 0)) + 1 + -5 + -11?
-14
-5 - -13 - (10 + -10 - 12)
20
4 + ((-16 - -9) + 10 - 1 - -6)
12
Calculate -34 - -51 - (0 - -4).
13
Calculate 16 + (3 - 15) + 8.
12
Evaluate 1 + 0 - (44 + (38 - 74)).
-7
4 + (-36 - (-52 - -21))
-1
What is the value of -5 + 8 + 0 + 7 + -22?
-12
-7 + -1 + -5 + (6 - 4) + 5
-6
What is 2 + -16 + 22 + (5 - -5)?
18
Calculate -5 + (10 + 0 - 7 - 3) - -29.
24
Evaluate 1 - -16 - (-21 - -24).
14
Calculate -10 + (-3 - -9) + -20 - (-8 + 3).
-19
Calculate -20 + (19 + 1 - 8) + -1.
-9
What is 12 + (-20 - -25) + (-3 - 8)?
6
What is the value of 19 + -13 + -4 + 7?
9
Evaluate -33 + 4 + (-14 - (-17 + 11) - 0).
-37
Calculate (2 - 3 - -2 - 18) + (-75 - -74).
-18
(-35 - -50) + 7 + -10
12
(3 - 5) + -36 + 40
2
Calculate ((-10 - -3) + 7 - (-3 - 0)) + 6.
9
What is the value of (-87 + 31 - -22) + 31?
-3
What is 2 + (2 + 3 - -1 - (-9 - -3))?
14
Evaluate -5 - (6 - 8) - ((-4 - -24) + -8).
-15
Evaluate -12 - (-20 - (5 - (6 + 7))).
0
What is -4 - (-3 + -17 + 12 + 1)?
3
What is -21 - -50 - (4 + 6)?
19
14 - -4 - (8 - -20)
-10
What is the value of -3 - -12 - 10 - -11?
10
Evaluate -6 - (0 + -3 - (11 + -5 + -21)).
-18
Calculate (11 - 7 - 0) + -14.
-10
Calculate (1 - (1 - 0)) + -10 + 5.
-5
Calculate (-42 - -24) + (1 - (0 - -2)) + 3.
-16
Evaluate 5 + -16 - (-2 + 3) - (-98 - -101).
-15
Evaluate -14 + (12 + -11 - (-3 - (-2 + -3))).
-15
What is 27 + -18 - (-2 + -3 + 27)?
-13
What is (-1 - -10) + 15 + -2 + -17?
5
Calculate (-36 - -72 - 22) + 18.
32
Evaluate -8 - ((27 - 19) + -7).
-9
What is the value of 11 + -12 - -2 - -11 - 16?
-4
Evaluate (-3 - -11 - (-1 - -5)) + -3.
1
What is the value of (5 - 0) + -12 + 4 + -25 + 40?
12
(35 - 28 - 22) + 22 + 11 + 1
19
Evaluate (-40 + 15 - -60) + -12.
23
Evaluate -61 + 55 + -2 + 30 + 0 + -2.
20
What is 10 - -3 - (-8 + -6 - 1)?
28
Calculate -9 + 16 - 8 - -6.
5
What is (-7 - (-20 - -14)) + 5 + -8?
-4
-18 + (34 - 20) + -18
-22
Evaluate -2 + (-18 - -5) + -1 + 8.
-8
Evaluate -2 - (0 + -1) - (11 + -4 + 2).
-10
What is the value of 197 + -208 - (2 - 3)?
-10
What is the value of -27 + 28 + -1 + 6 - (-15 - -59)?
-38
What is (2 - (0 + 3)) + (-111 - -121)?
9
(-8 + -23 - -36) + 27
32
What is the value of -11 + 2 + 5 + -2?
-6
(2 - -36 - 31) + 20
27
Evaluate -7 - 0 - (25 - (43 + -24)).
-13
Evaluate (-2 - -29 - (129 + -138)) + -5.
31
Evaluate (-319 - -312 - (-8 + 1)) + -21.
-21
Calculate -16 + (19 - (-16 - -19)).
0
Calculate 12 - (-10 + (8 - -2)) - 5.
7
What is the value of 18 - (26 - 6 - 23)?
21
What is 1 - 5 - (10 + 19 + -31 - 0)?
-2
Evaluate -932 - -941 - (-1 + 1 + 10).
-1
What is the value of 11 - (-8 - (-14 + -1)) - (-4 - -2)?
6
Calculate 16 - (46 - (12 + -2)) - 0.
-20
What is the value of -3 + 16 + -3 - (-12 + 25 + -9)?
6
5 - 5 - (9 - 5) - -8
4
What is (0 - 2) + 0 + -6 + 13 + -4?
1
What is 7 - -13 - (29 + -26)?
17
What is the value of 9 - (9 + -3 + 1 + 6 + -10)?
6
What is -3 + (8 - 20 - -5) + -6?
-16
Calculate -14 + (2 - (-2 - (7 - 9))) + 8.
-4
8 + (9 - 13) - (3 - 4)
5
Calculate -7 + (18 - -1 - 33 - 11).
-32
Calculate (1 - -11) + -197 + 188 - 5.
-2
What is the value of 7 + (-9 - (3 - 15)) - 26?
-16
Evaluate -2 + -7 + 3 + 5 - (-3